{"id":16,"date":"2022-03-30T17:31:25","date_gmt":"2022-03-30T15:31:25","guid":{"rendered":"https:\/\/alinatinnefeld.de\/?page_id=16"},"modified":"2026-02-03T18:27:31","modified_gmt":"2026-02-03T17:27:31","slug":"about","status":"publish","type":"page","link":"https:\/\/alinatinnefeld.de\/?page_id=16","title":{"rendered":"\u00dcber mich"},"content":{"rendered":"\n<p>Ich verbinde in meiner Arbeit Stimme, Bewegung und Schauspiel.<br>Als selbst\u00e4ndige K\u00fcnstlerin arbeitet sie in unterschiedlichen Zusammenh\u00e4ngen, schwerpunktm\u00e4ssig in Bielefeld. Ich bin Mitbegr\u00fcnderin des Vereins &#8222;Freies Feld &#8211; Netzwerk darstellende K\u00fcnste Bielefeld e.V.&#8220; mein Probenort befindet sich im &#8222;Kulturhaus&#8220; in Bielefeld.<\/p>\n\n\n\n<p>Ich bin die k\u00fcnstlerische Leiterin der  \u201eCommunity Theatergruppe UBU\u201c, mit dem Ziel zeitaktuelle und gesellschaftlich relevante Inszenierungen in Kooperation mit K\u00fcnstler:innen und anderen k\u00fcnstlerischen Gruppen umzusetzen.<\/p>\n\n\n\n<p>Als Schauspielerin war ich in einigen internationalen Theaterprojekten unter der Regie von Yuri Birte Anderson dabei:  \u201eDivided Together\u201c (2017 -2019 Dnipro\/Moskau \/Hamburg_Kampnagel Fabrik) oder \u201eLast Days of Mankind\u201c (2017 &#8211; 2020 Edingburgh\/Katovice) und 2022 am Braunschweiger Staatstheater zum Thema Schauprozesse &#8222;Die Schritte der Nemesis&#8220;.<\/p>\n\n\n\n<p>Ich war Performerin im &#8222;Feedback Kollektiv&#8220; &#8211; k\u00fcnstlerischer Schwerpunkt Mensch &amp; Digitalisierung- von 2019 bis 2022 und war von 2011 bis 2018 im k\u00fcnstlerischen Ensemble des Theaterlabor Bielefeld und experimentierte mit Stimme und zweistimmigen Gesang  im Musikduo &#8222;KaRlinA&#8220; von 2000 bis 2024.<\/p>\n\n\n\n<p>Zusammen mit der Schauspielerin Laura Parker, entwickelte ich zwei Theaterproduktionen. Zum Thema Posttraumatische Belastungsst\u00f6rung  (&#8222;Ohne Grund&#8220; 2022) und Demokratiefeindlichkeit (&#8222;Cabaret Wandelbar-keine Rolle R\u00fcckw\u00e4rts&#8220;2024). Meine erste komplette Soloarbeit &#8222;Die gute Stube&#8220; ,f\u00fcr die ich auch die Musik entwickelte, hatte im Dezember 2025 Premiere.<\/p>\n\n\n\n<p>Eigene Theaterproduktionen wurden u.a. vom Kulturamt Bielefeld, NRW Landesb\u00fcro freie darstellende K\u00fcnste, dem Fonds darstellende K\u00fcnste, NRW Interkultur und RKP NRW gef\u00f6rdert.<\/p>\n\n\n\n<p><\/p>\n\n\n\n<figure class=\"wp-block-image size-large is-resized is-style-default wp-duotone-default-filter\"><img loading=\"lazy\" decoding=\"async\" width=\"1024\" height=\"683\" src=\"https:\/\/alinatinnefeld.de\/wp-content\/uploads\/2026\/02\/3-Alina-Tinnefeld-1024x683.jpeg\" alt=\"\" class=\"wp-image-268\" style=\"width:826px;height:auto\" srcset=\"https:\/\/alinatinnefeld.de\/wp-content\/uploads\/2026\/02\/3-Alina-Tinnefeld-1024x683.jpeg 1024w, https:\/\/alinatinnefeld.de\/wp-content\/uploads\/2026\/02\/3-Alina-Tinnefeld-300x200.jpeg 300w, https:\/\/alinatinnefeld.de\/wp-content\/uploads\/2026\/02\/3-Alina-Tinnefeld-768x512.jpeg 768w, https:\/\/alinatinnefeld.de\/wp-content\/uploads\/2026\/02\/3-Alina-Tinnefeld-1536x1024.jpeg 1536w, https:\/\/alinatinnefeld.de\/wp-content\/uploads\/2026\/02\/3-Alina-Tinnefeld-2048x1365.jpeg 2048w\" sizes=\"(max-width: 1024px) 100vw, 1024px\" \/><\/figure>\n","protected":false},"excerpt":{"rendered":"<p>Ich verbinde in meiner Arbeit Stimme, Bewegung und Schauspiel.Als selbst\u00e4ndige K\u00fcnstlerin arbeitet sie in unterschiedlichen Zusammenh\u00e4ngen, schwerpunktm\u00e4ssig in Bielefeld. Ich bin Mitbegr\u00fcnderin des Vereins &#8222;Freies Feld &#8211; Netzwerk darstellende K\u00fcnste Bielefeld e.V.&#8220; mein Probenort befindet sich im &#8222;Kulturhaus&#8220; in Bielefeld. Ich bin die k\u00fcnstlerische Leiterin der \u201eCommunity Theatergruppe UBU\u201c, mit dem Ziel zeitaktuelle und gesellschaftlich [&hellip;]<\/p>\n","protected":false},"author":1,"featured_media":0,"parent":0,"menu_order":4,"comment_status":"closed","ping_status":"closed","template":"","meta":{"footnotes":""},"_links":{"self":[{"href":"https:\/\/alinatinnefeld.de\/index.php?rest_route=\/wp\/v2\/pages\/16"}],"collection":[{"href":"https:\/\/alinatinnefeld.de\/index.php?rest_route=\/wp\/v2\/pages"}],"about":[{"href":"https:\/\/alinatinnefeld.de\/index.php?rest_route=\/wp\/v2\/types\/page"}],"author":[{"embeddable":true,"href":"https:\/\/alinatinnefeld.de\/index.php?rest_route=\/wp\/v2\/users\/1"}],"replies":[{"embeddable":true,"href":"https:\/\/alinatinnefeld.de\/index.php?rest_route=%2Fwp%2Fv2%2Fcomments&post=16"}],"version-history":[{"count":18,"href":"https:\/\/alinatinnefeld.de\/index.php?rest_route=\/wp\/v2\/pages\/16\/revisions"}],"predecessor-version":[{"id":269,"href":"https:\/\/alinatinnefeld.de\/index.php?rest_route=\/wp\/v2\/pages\/16\/revisions\/269"}],"wp:attachment":[{"href":"https:\/\/alinatinnefeld.de\/index.php?rest_route=%2Fwp%2Fv2%2Fmedia&parent=16"}],"curies":[{"name":"wp","href":"https:\/\/api.w.org\/{rel}","templated":true}]}}

Über mich

<p>Ich verbinde in meiner Arbeit Stimme, Bewegung und Schauspiel.<br>Als selbständige Künstlerin arbeitet sie in unterschiedlichen Zusammenhängen, schwerpunktmässig in Bielefeld. Ich bin Mitbegründerin des Vereins &#8222;Freies Feld &#8211; Netzwerk darstellende Künste Bielefeld e.V.&#8220; mein Probenort befindet sich im &#8222;Kulturhaus&#8220; in Bielefeld.</p>



<p>Ich bin die künstlerische Leiterin der  „Community Theatergruppe UBU“, mit dem Ziel zeitaktuelle und gesellschaftlich relevante Inszenierungen in Kooperation mit Künstler:innen und anderen künstlerischen Gruppen umzusetzen.</p>



<p>Als Schauspielerin war ich in einigen internationalen Theaterprojekten unter der Regie von Yuri Birte Anderson dabei:  „Divided Together“ (2017 -2019 Dnipro/Moskau /Hamburg_Kampnagel Fabrik) oder „Last Days of Mankind“ (2017 &#8211; 2020 Edingburgh/Katovice) und 2022 am Braunschweiger Staatstheater zum Thema Schauprozesse &#8222;Die Schritte der Nemesis&#8220;.</p>



<p>Ich war Performerin im &#8222;Feedback Kollektiv&#8220; &#8211; künstlerischer Schwerpunkt Mensch &amp; Digitalisierung- von 2019 bis 2022 und war von 2011 bis 2018 im künstlerischen Ensemble des Theaterlabor Bielefeld und experimentierte mit Stimme und zweistimmigen Gesang  im Musikduo &#8222;KaRlinA&#8220; von 2000 bis 2024.</p>



<p>Zusammen mit der Schauspielerin Laura Parker, entwickelte ich zwei Theaterproduktionen. Zum Thema Posttraumatische Belastungsstörung  (&#8222;Ohne Grund&#8220; 2022) und Demokratiefeindlichkeit (&#8222;Cabaret Wandelbar-keine Rolle Rückwärts&#8220;2024). Meine erste komplette Soloarbeit &#8222;Die gute Stube&#8220; ,für die ich auch die Musik entwickelte, hatte im Dezember 2025 Premiere.</p>



<p>Eigene Theaterproduktionen wurden u.a. vom Kulturamt Bielefeld, NRW Landesbüro freie darstellende Künste, dem Fonds darstellende Künste, NRW Interkultur und RKP NRW gefördert.</p>



<p></p>



<figure class="wp-block-image size-large is-resized is-style-default wp-duotone-default-filter"><img loading="lazy" decoding="async" width="1024" height="683" src="https://alinatinnefeld.de/wp-content/uploads/2026/02/3-Alina-Tinnefeld-1024x683.jpeg" alt="" class="wp-image-268" style="width:826px;height:auto" srcset="https://alinatinnefeld.de/wp-content/uploads/2026/02/3-Alina-Tinnefeld-1024x683.jpeg 1024w, https://alinatinnefeld.de/wp-content/uploads/2026/02/3-Alina-Tinnefeld-300x200.jpeg 300w, https://alinatinnefeld.de/wp-content/uploads/2026/02/3-Alina-Tinnefeld-768x512.jpeg 768w, https://alinatinnefeld.de/wp-content/uploads/2026/02/3-Alina-Tinnefeld-1536x1024.jpeg 1536w, https://alinatinnefeld.de/wp-content/uploads/2026/02/3-Alina-Tinnefeld-2048x1365.jpeg 2048w" sizes="(max-width: 1024px) 100vw, 1024px" /></figure>

<p>Ich verbinde in meiner Arbeit Stimme, Bewegung und Schauspiel.Als selbständige Künstlerin arbeitet sie in unterschiedlichen Zusammenhängen, schwerpunktmässig in Bielefeld. Ich bin Mitbegründerin des Vereins &#8222;Freies Feld &#8211; Netzwerk darstellende Künste Bielefeld e.V.&#8220; mein Probenort befindet sich im &#8222;Kulturhaus&#8220; in Bielefeld. Ich bin die künstlerische Leiterin der „Community Theatergruppe UBU“, mit dem Ziel zeitaktuelle und gesellschaftlich [&hellip;]</p>
