{"id":29,"date":"2022-03-30T18:15:38","date_gmt":"2022-03-30T16:15:38","guid":{"rendered":"https:\/\/alinatinnefeld.de\/?page_id=29"},"modified":"2026-02-03T19:02:06","modified_gmt":"2026-02-03T18:02:06","slug":"theaterproduktionen","status":"publish","type":"page","link":"https:\/\/alinatinnefeld.de\/?page_id=29","title":{"rendered":"Theaterproduktionen"},"content":{"rendered":"\n<p>2025<\/p>\n\n\n\n<p>Schauspiel und Regie<\/p>\n\n\n\n<p>&#8222;<strong>Die gute Stube<\/strong>&#8220; Premiere am 10. und 11. Dezember<\/p>\n\n\n\n<p>2024<\/p>\n\n\n\n<p>Schauspiel und Regie<\/p>\n\n\n\n<p>&#8222;<strong>Cabaret WandelBar &#8211; keine Rolle R\u00fcckw\u00e4rts<\/strong>&#8222;<\/p>\n\n\n\n<p>2022<\/p>\n\n\n\n<p><strong>&#8222;Ohne Grund&#8220;<\/strong>  [im Repertoire]<\/p>\n\n\n\n<p>Schauspiel und Regie<\/p>\n\n\n\n<p>Eine k\u00fcnstlerische Ann\u00e4herung- mittels Schauspiel, Film und Musik an Posttraumatische Belastungsst\u00f6rungen (PTBS). <\/p>\n\n\n\n<p>Von und Mit: Alina Tinnefeld, Laura Parker, Karin Scheithauer, Krischan Rudolph<\/p>\n\n\n\n<p><a href=\"https:\/\/ohnegrund.weebly.com\/\" data-type=\"URL\" data-id=\"https:\/\/ohnegrund.weebly.com\/\" target=\"_blank\" rel=\"noreferrer noopener\">Infos<\/a><\/p>\n\n\n\n<p>2022 + 2023<\/p>\n\n\n\n<p><strong>&#8222;Die Schritte der Nemesis&#8220;<\/strong> von&nbsp;Nikolaj Evreinov<\/p>\n\n\n\n<p>Schauspiel<\/p>\n\n\n\n<p>Internationales Gastspiel am Staatstheater Braunschweig unter Regie von Yuri B Anderson <\/p>\n\n\n\n<p>Als ein Favorit des 16. Nachtkritik-Theatertreffen nominiert.<\/p>\n\n\n\n<p>I<a href=\"https:\/\/www.nachtkritik.de\/index.php?option=com_content&amp;view=article&amp;id=21872:nachtkritik-theatertreffen-2023-die-nominierten&amp;catid=222&amp;Itemid=100190\" data-type=\"URL\" data-id=\"https:\/\/www.nachtkritik.de\/index.php?option=com_content&amp;view=article&amp;id=21872:nachtkritik-theatertreffen-2023-die-nominierten&amp;catid=222&amp;Itemid=100190\" target=\"_blank\" rel=\"noreferrer noopener\">nfos<\/a><\/p>\n\n\n\n<p>2021<\/p>\n\n\n\n<p><strong>&#8222;Scherbenschrank&#8220;<\/strong> [im Repertoire]<\/p>\n\n\n\n<p>Schauspiel und Regie<\/p>\n\n\n\n<figure class=\"wp-block-image size-large wp-duotone-grayscale\"><img loading=\"lazy\" decoding=\"async\" width=\"1024\" height=\"683\" src=\"https:\/\/alinatinnefeld.de\/wp-content\/uploads\/2023\/01\/Scherbenschrank-2021-\u00a9-K-H-Mierke-1578-1024x683.jpg\" alt=\"\" class=\"wp-image-95\" srcset=\"https:\/\/alinatinnefeld.de\/wp-content\/uploads\/2023\/01\/Scherbenschrank-2021-\u00a9-K-H-Mierke-1578-1024x683.jpg 1024w, https:\/\/alinatinnefeld.de\/wp-content\/uploads\/2023\/01\/Scherbenschrank-2021-\u00a9-K-H-Mierke-1578-300x200.jpg 300w, https:\/\/alinatinnefeld.de\/wp-content\/uploads\/2023\/01\/Scherbenschrank-2021-\u00a9-K-H-Mierke-1578-768x512.jpg 768w, https:\/\/alinatinnefeld.de\/wp-content\/uploads\/2023\/01\/Scherbenschrank-2021-\u00a9-K-H-Mierke-1578-1536x1024.jpg 1536w, https:\/\/alinatinnefeld.de\/wp-content\/uploads\/2023\/01\/Scherbenschrank-2021-\u00a9-K-H-Mierke-1578-2048x1365.jpg 2048w\" sizes=\"(max-width: 1024px) 100vw, 1024px\" \/><\/figure>\n\n\n\n<p><a href=\"https:\/\/theaterlabor.eu\/events\/double-feature-tanz-und-theater-w-wie-wut-und-scherbenschrank\" data-type=\"URL\" data-id=\"https:\/\/theaterlabor.eu\/events\/double-feature-tanz-und-theater-w-wie-wut-und-scherbenschrank\" target=\"_blank\" rel=\"noreferrer noopener\">Infos<\/a><\/p>\n\n\n\n<p>2022 + 2023<\/p>\n\n\n\n<p><strong>&#8222;Shifting Perceptions&#8220;<\/strong><\/p>\n\n\n\n<p>Performance<\/p>\n\n\n\n<p>Feedback Kollektiv<\/p>\n\n\n\n<p>2022<\/p>\n\n\n\n<p><strong>&#8222;Coding Creativity&#8220;<\/strong><\/p>\n\n\n\n<p>Performance<\/p>\n\n\n\n<p>Feedback Kollektiv<\/p>\n\n\n\n<p>2022<\/p>\n\n\n\n<p><strong>&#8222;Delta V &#8211; 54.000kmH &#8211; Mondansichten&#8220;<\/strong><\/p>\n\n\n\n<p>Regie<\/p>\n\n\n\n<p>Theater UBU<\/p>\n\n\n\n<p>2021 + 2022<\/p>\n\n\n\n<p><strong>&#8222;Reload Lutterkolk &amp; Spinnweib&#8220;<\/strong><\/p>\n\n\n\n<p>Regie<\/p>\n\n\n\n<p>Theater UBU<\/p>\n\n\n\n<p>2021<\/p>\n\n\n\n<p><strong>&#8222;Cartopulis &#8222;<\/strong> Interaktiver Film  [im Repertoire]<\/p>\n\n\n\n<p>Feedback Kollektiv<\/p>\n\n\n\n<p>2020<\/p>\n\n\n\n<p><strong>&#8222;caretopulis lab&#8220;<\/strong><\/p>\n\n\n\n<p>Performance<\/p>\n\n\n\n<p>Feedback Kollektiv<\/p>\n\n\n\n<p>2020<\/p>\n\n\n\n<p><strong>&#8222;My sweet Kirschgarten&#8220;<\/strong><\/p>\n\n\n\n<p>Regie<\/p>\n\n\n\n<p>Theater UBU<\/p>\n\n\n\n<p>2019<\/p>\n\n\n\n<p><strong>&#8222;Geschichtentaucher&#8220;<\/strong><\/p>\n\n\n\n<p>Regie<\/p>\n\n\n\n<p>Theater UBU<\/p>\n\n\n\n<p>2019<\/p>\n\n\n\n<p><strong>&#8222;Identit\u00e4t?!&#8220;<\/strong><\/p>\n\n\n\n<p>Ein performatives Selfie<\/p>\n\n\n\n<p>Feedback Kollektiv<\/p>\n\n\n\n<p>2018 und 2019<\/p>\n\n\n\n<p><strong>\u201elast days of mankind\u201c<\/strong> von Karl Kraus<\/p>\n\n\n\n<p>Schauspiel<\/p>\n\n\n\n<p>Internationale Theaterproduktion<\/p>\n\n\n\n<p>Edingburgh, Bielefeld, Katovice<\/p>\n\n\n\n<p>2017 bis 2019<\/p>\n\n\n\n<p><strong>&#8222;Divided Together\u201c <\/strong><\/p>\n\n\n\n<p>Internationales Performanes Projekt<\/p>\n\n\n\n<p>Regie: Yuri B Anderson <\/p>\n\n\n\n<p>in Bielefeld, Dnipro_ Ukraine, Moskau, Kampnagel Fabrik_ Hamburg<\/p>\n","protected":false},"excerpt":{"rendered":"<p>2025 Schauspiel und Regie &#8222;Die gute Stube&#8220; Premiere am 10. und 11. Dezember 2024 Schauspiel und Regie &#8222;Cabaret WandelBar &#8211; keine Rolle R\u00fcckw\u00e4rts&#8222; 2022 &#8222;Ohne Grund&#8220; [im Repertoire] Schauspiel und Regie Eine k\u00fcnstlerische Ann\u00e4herung- mittels Schauspiel, Film und Musik an Posttraumatische Belastungsst\u00f6rungen (PTBS). Von und Mit: Alina Tinnefeld, Laura Parker, Karin Scheithauer, Krischan Rudolph Infos [&hellip;]<\/p>\n","protected":false},"author":1,"featured_media":0,"parent":185,"menu_order":7,"comment_status":"closed","ping_status":"closed","template":"","meta":{"footnotes":""},"_links":{"self":[{"href":"https:\/\/alinatinnefeld.de\/index.php?rest_route=\/wp\/v2\/pages\/29"}],"collection":[{"href":"https:\/\/alinatinnefeld.de\/index.php?rest_route=\/wp\/v2\/pages"}],"about":[{"href":"https:\/\/alinatinnefeld.de\/index.php?rest_route=\/wp\/v2\/types\/page"}],"author":[{"embeddable":true,"href":"https:\/\/alinatinnefeld.de\/index.php?rest_route=\/wp\/v2\/users\/1"}],"replies":[{"embeddable":true,"href":"https:\/\/alinatinnefeld.de\/index.php?rest_route=%2Fwp%2Fv2%2Fcomments&post=29"}],"version-history":[{"count":11,"href":"https:\/\/alinatinnefeld.de\/index.php?rest_route=\/wp\/v2\/pages\/29\/revisions"}],"predecessor-version":[{"id":135,"href":"https:\/\/alinatinnefeld.de\/index.php?rest_route=\/wp\/v2\/pages\/29\/revisions\/135"}],"up":[{"embeddable":true,"href":"https:\/\/alinatinnefeld.de\/index.php?rest_route=\/wp\/v2\/pages\/185"}],"wp:attachment":[{"href":"https:\/\/alinatinnefeld.de\/index.php?rest_route=%2Fwp%2Fv2%2Fmedia&parent=29"}],"curies":[{"name":"wp","href":"https:\/\/api.w.org\/{rel}","templated":true}]}}

<p>2025</p>



<p>Schauspiel und Regie</p>



<p>&#8222;<strong>Die gute Stube</strong>&#8220; Premiere am 10. und 11. Dezember</p>



<p>2024</p>



<p>Schauspiel und Regie</p>



<p>&#8222;<strong>Cabaret WandelBar &#8211; keine Rolle Rückwärts</strong>&#8222;</p>



<p>2022</p>



<p><strong>&#8222;Ohne Grund&#8220;</strong>  [im Repertoire]</p>



<p>Schauspiel und Regie</p>



<p>Eine künstlerische Annäherung- mittels Schauspiel, Film und Musik an Posttraumatische Belastungsstörungen (PTBS). </p>



<p>Von und Mit: Alina Tinnefeld, Laura Parker, Karin Scheithauer, Krischan Rudolph</p>



<p><a href="https://ohnegrund.weebly.com/" data-type="URL" data-id="https://ohnegrund.weebly.com/" target="_blank" rel="noreferrer noopener">Infos</a></p>



<p>2022 + 2023</p>



<p><strong>&#8222;Die Schritte der Nemesis&#8220;</strong> von&nbsp;Nikolaj Evreinov</p>



<p>Schauspiel</p>



<p>Internationales Gastspiel am Staatstheater Braunschweig unter Regie von Yuri B Anderson </p>



<p>Als ein Favorit des 16. Nachtkritik-Theatertreffen nominiert.</p>



<p>I<a href="https://www.nachtkritik.de/index.php?option=com_content&amp;view=article&amp;id=21872:nachtkritik-theatertreffen-2023-die-nominierten&amp;catid=222&amp;Itemid=100190" data-type="URL" data-id="https://www.nachtkritik.de/index.php?option=com_content&amp;view=article&amp;id=21872:nachtkritik-theatertreffen-2023-die-nominierten&amp;catid=222&amp;Itemid=100190" target="_blank" rel="noreferrer noopener">nfos</a></p>



<p>2021</p>



<p><strong>&#8222;Scherbenschrank&#8220;</strong> [im Repertoire]</p>



<p>Schauspiel und Regie</p>



<figure class="wp-block-image size-large wp-duotone-grayscale"><img loading="lazy" decoding="async" width="1024" height="683" src="https://alinatinnefeld.de/wp-content/uploads/2023/01/Scherbenschrank-2021-©-K-H-Mierke-1578-1024x683.jpg" alt="" class="wp-image-95" srcset="https://alinatinnefeld.de/wp-content/uploads/2023/01/Scherbenschrank-2021-©-K-H-Mierke-1578-1024x683.jpg 1024w, https://alinatinnefeld.de/wp-content/uploads/2023/01/Scherbenschrank-2021-©-K-H-Mierke-1578-300x200.jpg 300w, https://alinatinnefeld.de/wp-content/uploads/2023/01/Scherbenschrank-2021-©-K-H-Mierke-1578-768x512.jpg 768w, https://alinatinnefeld.de/wp-content/uploads/2023/01/Scherbenschrank-2021-©-K-H-Mierke-1578-1536x1024.jpg 1536w, https://alinatinnefeld.de/wp-content/uploads/2023/01/Scherbenschrank-2021-©-K-H-Mierke-1578-2048x1365.jpg 2048w" sizes="(max-width: 1024px) 100vw, 1024px" /></figure>



<p><a href="https://theaterlabor.eu/events/double-feature-tanz-und-theater-w-wie-wut-und-scherbenschrank" data-type="URL" data-id="https://theaterlabor.eu/events/double-feature-tanz-und-theater-w-wie-wut-und-scherbenschrank" target="_blank" rel="noreferrer noopener">Infos</a></p>



<p>2022 + 2023</p>



<p><strong>&#8222;Shifting Perceptions&#8220;</strong></p>



<p>Performance</p>



<p>Feedback Kollektiv</p>



<p>2022</p>



<p><strong>&#8222;Coding Creativity&#8220;</strong></p>



<p>Performance</p>



<p>Feedback Kollektiv</p>



<p>2022</p>



<p><strong>&#8222;Delta V &#8211; 54.000kmH &#8211; Mondansichten&#8220;</strong></p>



<p>Regie</p>



<p>Theater UBU</p>



<p>2021 + 2022</p>



<p><strong>&#8222;Reload Lutterkolk &amp; Spinnweib&#8220;</strong></p>



<p>Regie</p>



<p>Theater UBU</p>



<p>2021</p>



<p><strong>&#8222;Cartopulis &#8222;</strong> Interaktiver Film  [im Repertoire]</p>



<p>Feedback Kollektiv</p>



<p>2020</p>



<p><strong>&#8222;caretopulis lab&#8220;</strong></p>



<p>Performance</p>



<p>Feedback Kollektiv</p>



<p>2020</p>



<p><strong>&#8222;My sweet Kirschgarten&#8220;</strong></p>



<p>Regie</p>



<p>Theater UBU</p>



<p>2019</p>



<p><strong>&#8222;Geschichtentaucher&#8220;</strong></p>



<p>Regie</p>



<p>Theater UBU</p>



<p>2019</p>



<p><strong>&#8222;Identität?!&#8220;</strong></p>



<p>Ein performatives Selfie</p>



<p>Feedback Kollektiv</p>



<p>2018 und 2019</p>



<p><strong>„last days of mankind“</strong> von Karl Kraus</p>



<p>Schauspiel</p>



<p>Internationale Theaterproduktion</p>



<p>Edingburgh, Bielefeld, Katovice</p>



<p>2017 bis 2019</p>



<p><strong>&#8222;Divided Together“ </strong></p>



<p>Internationales Performanes Projekt</p>



<p>Regie: Yuri B Anderson </p>



<p>in Bielefeld, Dnipro_ Ukraine, Moskau, Kampnagel Fabrik_ Hamburg</p>

<p>2025 Schauspiel und Regie &#8222;Die gute Stube&#8220; Premiere am 10. und 11. Dezember 2024 Schauspiel und Regie &#8222;Cabaret WandelBar &#8211; keine Rolle Rückwärts&#8222; 2022 &#8222;Ohne Grund&#8220; [im Repertoire] Schauspiel und Regie Eine künstlerische Annäherung- mittels Schauspiel, Film und Musik an Posttraumatische Belastungsstörungen (PTBS). Von und Mit: Alina Tinnefeld, Laura Parker, Karin Scheithauer, Krischan Rudolph Infos [&hellip;]</p>
