{"id":307,"date":"2026-04-17T10:55:25","date_gmt":"2026-04-17T08:55:25","guid":{"rendered":"https:\/\/alinatinnefeld.de\/?page_id=307"},"modified":"2026-04-17T12:27:46","modified_gmt":"2026-04-17T10:27:46","slug":"die-assistentinnen","status":"publish","type":"page","link":"https:\/\/alinatinnefeld.de\/?page_id=307","title":{"rendered":"Die Assistentinnen"},"content":{"rendered":"\n<p>Kontrabass, Ukulele, Gitarre und zwei Stimmen. Wir sind drei K\u00fcnstlerInnen, urspr\u00fcnglich aus Freiburg, Bielefeld und G\u00fctersloh die sich gl\u00fccklicherweise musikalisch frisch gefunden haben. &#8222;Die Assistentinnen\u201c aka Laura Parker, Alina Tinnefeld und Paula Dobra, servieren euch eine wilde Melange aus Liedern der 20er Jahre, Chansons, Blues und hangemachten Songs aus dem \u201eHier und Jetzt\u201c.<\/p>\n\n\n\n<p>Hier schonmal ein paar Live Aufnahmen vom &#8222;Hut ab! Festival&#8220; im April 26 in der Bielefelder Altstadt: <\/p>\n\n\n\n<figure class=\"wp-block-video\"><video controls src=\"https:\/\/alinatinnefeld.de\/wp-content\/uploads\/2026\/04\/Die-Assitentinnen-Goosebumps-Hut-ab-Festival-1.mp4\"><\/video><\/figure>\n\n\n\n<figure class=\"wp-block-video\"><video controls src=\"https:\/\/alinatinnefeld.de\/wp-content\/uploads\/2026\/04\/streichfein-Die-assitentinnen.mp4\"><\/video><\/figure>\n\n\n\n<figure class=\"wp-block-video\"><video controls src=\"https:\/\/alinatinnefeld.de\/wp-content\/uploads\/2026\/04\/Radio-Die-Assistentinnen.mp4\"><\/video><\/figure>\n\n\n\n<figure class=\"wp-block-image size-large wp-duotone-unset-1\"><img loading=\"lazy\" decoding=\"async\" width=\"724\" height=\"1024\" src=\"https:\/\/alinatinnefeld.de\/wp-content\/uploads\/2026\/04\/KaRlina-724x1024.jpg\" alt=\"\" class=\"wp-image-314\" srcset=\"https:\/\/alinatinnefeld.de\/wp-content\/uploads\/2026\/04\/KaRlina-724x1024.jpg 724w, https:\/\/alinatinnefeld.de\/wp-content\/uploads\/2026\/04\/KaRlina-212x300.jpg 212w, https:\/\/alinatinnefeld.de\/wp-content\/uploads\/2026\/04\/KaRlina-768x1086.jpg 768w, https:\/\/alinatinnefeld.de\/wp-content\/uploads\/2026\/04\/KaRlina-1086x1536.jpg 1086w, https:\/\/alinatinnefeld.de\/wp-content\/uploads\/2026\/04\/KaRlina.jpg 1414w\" sizes=\"(max-width: 724px) 100vw, 724px\" \/><\/figure>\n\n\n\n<h2 class=\"wp-block-heading\">Kontakt: a.tinnefeld@gmx.de<\/h2>\n\n\n\n<h2 class=\"wp-block-heading\">Instagram:<\/h2>\n\n\n\n<h2 class=\"wp-block-heading\"><a href=\"https:\/\/www.instagram.com\/die_assistentinnen\/\" data-type=\"link\" data-id=\"https:\/\/www.instagram.com\/die_assistentinnen\/\">die_assistentinnen<\/a><\/h2>\n\n\n\n<p><\/p>\n\n\n\n<p>[Eigene Internetseite &amp; Aufnahmen in besserer Qualit\u00e4t sind in Arbeit&#8230;:-)]<\/p>\n","protected":false},"excerpt":{"rendered":"<p>Kontrabass, Ukulele, Gitarre und zwei Stimmen. Wir sind drei K\u00fcnstlerInnen, urspr\u00fcnglich aus Freiburg, Bielefeld und G\u00fctersloh die sich gl\u00fccklicherweise musikalisch frisch gefunden haben. &#8222;Die Assistentinnen\u201c aka Laura Parker, Alina Tinnefeld und Paula Dobra, servieren euch eine wilde Melange aus Liedern der 20er Jahre, Chansons, Blues und hangemachten Songs aus dem \u201eHier und Jetzt\u201c. Hier schonmal [&hellip;]<\/p>\n","protected":false},"author":1,"featured_media":0,"parent":35,"menu_order":0,"comment_status":"closed","ping_status":"closed","template":"","meta":{"footnotes":""},"_links":{"self":[{"href":"https:\/\/alinatinnefeld.de\/index.php?rest_route=\/wp\/v2\/pages\/307"}],"collection":[{"href":"https:\/\/alinatinnefeld.de\/index.php?rest_route=\/wp\/v2\/pages"}],"about":[{"href":"https:\/\/alinatinnefeld.de\/index.php?rest_route=\/wp\/v2\/types\/page"}],"author":[{"embeddable":true,"href":"https:\/\/alinatinnefeld.de\/index.php?rest_route=\/wp\/v2\/users\/1"}],"replies":[{"embeddable":true,"href":"https:\/\/alinatinnefeld.de\/index.php?rest_route=%2Fwp%2Fv2%2Fcomments&post=307"}],"version-history":[{"count":13,"href":"https:\/\/alinatinnefeld.de\/index.php?rest_route=\/wp\/v2\/pages\/307\/revisions"}],"predecessor-version":[{"id":338,"href":"https:\/\/alinatinnefeld.de\/index.php?rest_route=\/wp\/v2\/pages\/307\/revisions\/338"}],"up":[{"embeddable":true,"href":"https:\/\/alinatinnefeld.de\/index.php?rest_route=\/wp\/v2\/pages\/35"}],"wp:attachment":[{"href":"https:\/\/alinatinnefeld.de\/index.php?rest_route=%2Fwp%2Fv2%2Fmedia&parent=307"}],"curies":[{"name":"wp","href":"https:\/\/api.w.org\/{rel}","templated":true}]}}

<p>Kontrabass, Ukulele, Gitarre und zwei Stimmen. Wir sind drei KünstlerInnen, ursprünglich aus Freiburg, Bielefeld und Gütersloh die sich glücklicherweise musikalisch frisch gefunden haben. &#8222;Die Assistentinnen“ aka Laura Parker, Alina Tinnefeld und Paula Dobra, servieren euch eine wilde Melange aus Liedern der 20er Jahre, Chansons, Blues und hangemachten Songs aus dem „Hier und Jetzt“.</p>



<p>Hier schonmal ein paar Live Aufnahmen vom &#8222;Hut ab! Festival&#8220; im April 26 in der Bielefelder Altstadt: </p>



<figure class="wp-block-video"><video controls src="https://alinatinnefeld.de/wp-content/uploads/2026/04/Die-Assitentinnen-Goosebumps-Hut-ab-Festival-1.mp4"></video></figure>



<figure class="wp-block-video"><video controls src="https://alinatinnefeld.de/wp-content/uploads/2026/04/streichfein-Die-assitentinnen.mp4"></video></figure>



<figure class="wp-block-video"><video controls src="https://alinatinnefeld.de/wp-content/uploads/2026/04/Radio-Die-Assistentinnen.mp4"></video></figure>



<figure class="wp-block-image size-large wp-duotone-unset-1"><img loading="lazy" decoding="async" width="724" height="1024" src="https://alinatinnefeld.de/wp-content/uploads/2026/04/KaRlina-724x1024.jpg" alt="" class="wp-image-314" srcset="https://alinatinnefeld.de/wp-content/uploads/2026/04/KaRlina-724x1024.jpg 724w, https://alinatinnefeld.de/wp-content/uploads/2026/04/KaRlina-212x300.jpg 212w, https://alinatinnefeld.de/wp-content/uploads/2026/04/KaRlina-768x1086.jpg 768w, https://alinatinnefeld.de/wp-content/uploads/2026/04/KaRlina-1086x1536.jpg 1086w, https://alinatinnefeld.de/wp-content/uploads/2026/04/KaRlina.jpg 1414w" sizes="(max-width: 724px) 100vw, 724px" /></figure>



<h2 class="wp-block-heading">Kontakt: a.tinnefeld@gmx.de</h2>



<h2 class="wp-block-heading">Instagram:</h2>



<h2 class="wp-block-heading"><a href="https://www.instagram.com/die_assistentinnen/" data-type="link" data-id="https://www.instagram.com/die_assistentinnen/">die_assistentinnen</a></h2>



<p></p>



<p>[Eigene Internetseite &amp; Aufnahmen in besserer Qualität sind in Arbeit&#8230;:-)]</p>

<p>Kontrabass, Ukulele, Gitarre und zwei Stimmen. Wir sind drei KünstlerInnen, ursprünglich aus Freiburg, Bielefeld und Gütersloh die sich glücklicherweise musikalisch frisch gefunden haben. &#8222;Die Assistentinnen“ aka Laura Parker, Alina Tinnefeld und Paula Dobra, servieren euch eine wilde Melange aus Liedern der 20er Jahre, Chansons, Blues und hangemachten Songs aus dem „Hier und Jetzt“. Hier schonmal [&hellip;]</p>
